{"id":297,"date":"2016-05-23T18:08:25","date_gmt":"2016-05-23T16:08:25","guid":{"rendered":"https:\/\/berufsschule-der-handwerkskammer-luebeck.de\/?page_id=297"},"modified":"2016-12-04T17:17:15","modified_gmt":"2016-12-04T16:17:15","slug":"glaserin","status":"publish","type":"page","link":"https:\/\/berufsschule-der-handwerkskammer-luebeck.de\/index.php\/glaserin\/","title":{"rendered":"LBS f\u00fcr Glaser"},"content":{"rendered":"<p>[et_pb_section admin_label=&#8220;section&#8220;][et_pb_row admin_label=&#8220;row&#8220;][et_pb_column type=&#8220;4_4&#8243;][et_pb_text admin_label=&#8220;Text&#8220; background_layout=&#8220;light&#8220; text_orientation=&#8220;center&#8220; use_border_color=&#8220;off&#8220; border_color=&#8220;#ffffff&#8220; border_style=&#8220;solid&#8220;]<\/p>\n<h2 style=\"text-align: center;\">Landesberufsschule f\u00fcr Glaser<\/h2>\n<p>[\/et_pb_text][et_pb_slider admin_label=&#8220;Slider&#8220; show_arrows=&#8220;off&#8220; show_pagination=&#8220;off&#8220; auto=&#8220;off&#8220; auto_ignore_hover=&#8220;off&#8220; parallax=&#8220;off&#8220; parallax_method=&#8220;off&#8220; remove_inner_shadow=&#8220;off&#8220; background_position=&#8220;default&#8220; background_size=&#8220;default&#8220; hide_content_on_mobile=&#8220;off&#8220; hide_cta_on_mobile=&#8220;off&#8220; show_image_video_mobile=&#8220;off&#8220; custom_button=&#8220;off&#8220; button_letter_spacing=&#8220;0&#8243; button_use_icon=&#8220;default&#8220; button_icon_placement=&#8220;right&#8220; button_on_hover=&#8220;on&#8220; button_letter_spacing_hover=&#8220;0&#8243;] [et_pb_slide background_image=&#8220;https:\/\/berufsschule-der-handwerkskammer-luebeck.de\/wp-content\/uploads\/2016\/05\/glaser.jpg&#8220; background_position=&#8220;default&#8220; background_size=&#8220;default&#8220; background_color=&#8220;#ffffff&#8220; use_bg_overlay=&#8220;off&#8220; use_text_overlay=&#8220;off&#8220; alignment=&#8220;center&#8220; background_layout=&#8220;dark&#8220; allow_player_pause=&#8220;off&#8220; text_border_radius=&#8220;3&#8243; header_font_select=&#8220;default&#8220; header_font=&#8220;||||&#8220; body_font_select=&#8220;default&#8220; body_font=&#8220;||||&#8220; custom_button=&#8220;off&#8220; button_font_select=&#8220;default&#8220; button_font=&#8220;||||&#8220; button_use_icon=&#8220;default&#8220; button_icon_placement=&#8220;right&#8220; button_on_hover=&#8220;on&#8220;] [\/et_pb_slide] [\/et_pb_slider][et_pb_text admin_label=&#8220;Text&#8220; background_layout=&#8220;light&#8220; text_orientation=&#8220;left&#8220; use_border_color=&#8220;off&#8220; border_color=&#8220;#ffffff&#8220; border_style=&#8220;solid&#8220;]<\/p>\n<p><img loading=\"lazy\" decoding=\"async\" class=\"alignleft size-full wp-image-1508\" src=\"https:\/\/berufsschule-der-handwerkskammer-luebeck.de\/wp-content\/uploads\/2016\/05\/glaser.png\" alt=\"glaser\" width=\"100\" height=\"100\" \/>Der Glaser\/die Glaserin ist ein Handwerksberuf. Die Ausbildungsdauer betr\u00e4gt 3 Jahre. Der Ausbildungsberuf hat zwei Spezialisierungen in die Fachrichtung<strong>\u00a0Verglasung und Glasbau<\/strong> und\u00a0<strong>Fenster- und Glasfassadenbau<\/strong>.<\/p>\n<p>Die Ausbildungsordnung von 1985 wurde den branchenspezifischen Erfordernissen des Glaserhandwerks angepasst. Mit neuen und ver\u00e4nderten Ausbildungsinhalten wird den zuk\u00fcnftigen Gesellen\/Gesellinnen, die am Qualifikationsbedarf des Gewerbes orientierte Fach- und Sozialkompetenz vermittelt. Die Inhalte und Anforderungen f\u00fcr die Zwischenpr\u00fcfung und f\u00fcr die Abschluss-\/Gesellenpr\u00fcfung wurden neu formuliert.<\/p>\n<p>Die neue Ausbildungsordnung und der neue Rahmenlehrplan sind am 1. August 2001 in Kraft getreten.<\/p>\n<p>&nbsp;<\/p>\n<p>[\/et_pb_text][\/et_pb_column][\/et_pb_row][\/et_pb_section]<\/p>\n","protected":false},"excerpt":{"rendered":"<p>Landesberufsschule f\u00fcr Glaser Der Glaser\/die Glaserin ist ein Handwerksberuf. Die Ausbildungsdauer betr\u00e4gt 3 Jahre. Der Ausbildungsberuf hat zwei Spezialisierungen in die Fachrichtung\u00a0Verglasung und Glasbau und\u00a0Fenster- und Glasfassadenbau. Die Ausbildungsordnung von 1985 wurde den branchenspezifischen Erfordernissen des Glaserhandwerks angepasst. Mit neuen und ver\u00e4nderten Ausbildungsinhalten wird den zuk\u00fcnftigen Gesellen\/Gesellinnen, die am Qualifikationsbedarf des Gewerbes orientierte Fach- und [&hellip;]<\/p>\n","protected":false},"author":1,"featured_media":0,"parent":0,"menu_order":0,"comment_status":"closed","ping_status":"closed","template":"","meta":{"_et_pb_use_builder":"on","_et_pb_old_content":"","_et_gb_content_width":"","footnotes":""},"class_list":["post-297","page","type-page","status-publish","hentry"],"_links":{"self":[{"href":"https:\/\/berufsschule-der-handwerkskammer-luebeck.de\/index.php\/wp-json\/wp\/v2\/pages\/297","targetHints":{"allow":["GET"]}}],"collection":[{"href":"https:\/\/berufsschule-der-handwerkskammer-luebeck.de\/index.php\/wp-json\/wp\/v2\/pages"}],"about":[{"href":"https:\/\/berufsschule-der-handwerkskammer-luebeck.de\/index.php\/wp-json\/wp\/v2\/types\/page"}],"author":[{"embeddable":true,"href":"https:\/\/berufsschule-der-handwerkskammer-luebeck.de\/index.php\/wp-json\/wp\/v2\/users\/1"}],"replies":[{"embeddable":true,"href":"https:\/\/berufsschule-der-handwerkskammer-luebeck.de\/index.php\/wp-json\/wp\/v2\/comments?post=297"}],"version-history":[{"count":0,"href":"https:\/\/berufsschule-der-handwerkskammer-luebeck.de\/index.php\/wp-json\/wp\/v2\/pages\/297\/revisions"}],"wp:attachment":[{"href":"https:\/\/berufsschule-der-handwerkskammer-luebeck.de\/index.php\/wp-json\/wp\/v2\/media?parent=297"}],"curies":[{"name":"wp","href":"https:\/\/api.w.org\/{rel}","templated":true}]}}

LBS für Glaser

<p>[et_pb_section admin_label=&#8220;section&#8220;][et_pb_row admin_label=&#8220;row&#8220;][et_pb_column type=&#8220;4_4&#8243;][et_pb_text admin_label=&#8220;Text&#8220; background_layout=&#8220;light&#8220; text_orientation=&#8220;center&#8220; use_border_color=&#8220;off&#8220; border_color=&#8220;#ffffff&#8220; border_style=&#8220;solid&#8220;]</p>
<h2 style="text-align: center;">Landesberufsschule für Glaser</h2>
<p>[/et_pb_text][et_pb_slider admin_label=&#8220;Slider&#8220; show_arrows=&#8220;off&#8220; show_pagination=&#8220;off&#8220; auto=&#8220;off&#8220; auto_ignore_hover=&#8220;off&#8220; parallax=&#8220;off&#8220; parallax_method=&#8220;off&#8220; remove_inner_shadow=&#8220;off&#8220; background_position=&#8220;default&#8220; background_size=&#8220;default&#8220; hide_content_on_mobile=&#8220;off&#8220; hide_cta_on_mobile=&#8220;off&#8220; show_image_video_mobile=&#8220;off&#8220; custom_button=&#8220;off&#8220; button_letter_spacing=&#8220;0&#8243; button_use_icon=&#8220;default&#8220; button_icon_placement=&#8220;right&#8220; button_on_hover=&#8220;on&#8220; button_letter_spacing_hover=&#8220;0&#8243;] [et_pb_slide background_image=&#8220;https://berufsschule-der-handwerkskammer-luebeck.de/wp-content/uploads/2016/05/glaser.jpg&#8220; background_position=&#8220;default&#8220; background_size=&#8220;default&#8220; background_color=&#8220;#ffffff&#8220; use_bg_overlay=&#8220;off&#8220; use_text_overlay=&#8220;off&#8220; alignment=&#8220;center&#8220; background_layout=&#8220;dark&#8220; allow_player_pause=&#8220;off&#8220; text_border_radius=&#8220;3&#8243; header_font_select=&#8220;default&#8220; header_font=&#8220;||||&#8220; body_font_select=&#8220;default&#8220; body_font=&#8220;||||&#8220; custom_button=&#8220;off&#8220; button_font_select=&#8220;default&#8220; button_font=&#8220;||||&#8220; button_use_icon=&#8220;default&#8220; button_icon_placement=&#8220;right&#8220; button_on_hover=&#8220;on&#8220;] [/et_pb_slide] [/et_pb_slider][et_pb_text admin_label=&#8220;Text&#8220; background_layout=&#8220;light&#8220; text_orientation=&#8220;left&#8220; use_border_color=&#8220;off&#8220; border_color=&#8220;#ffffff&#8220; border_style=&#8220;solid&#8220;]</p>
<p><img loading="lazy" decoding="async" class="alignleft size-full wp-image-1508" src="https://berufsschule-der-handwerkskammer-luebeck.de/wp-content/uploads/2016/05/glaser.png" alt="glaser" width="100" height="100" />Der Glaser/die Glaserin ist ein Handwerksberuf. Die Ausbildungsdauer beträgt 3 Jahre. Der Ausbildungsberuf hat zwei Spezialisierungen in die Fachrichtung<strong> Verglasung und Glasbau</strong> und <strong>Fenster- und Glasfassadenbau</strong>.</p>
<p>Die Ausbildungsordnung von 1985 wurde den branchenspezifischen Erfordernissen des Glaserhandwerks angepasst. Mit neuen und veränderten Ausbildungsinhalten wird den zukünftigen Gesellen/Gesellinnen, die am Qualifikationsbedarf des Gewerbes orientierte Fach- und Sozialkompetenz vermittelt. Die Inhalte und Anforderungen für die Zwischenprüfung und für die Abschluss-/Gesellenprüfung wurden neu formuliert.</p>
<p>Die neue Ausbildungsordnung und der neue Rahmenlehrplan sind am 1. August 2001 in Kraft getreten.</p>
<p>&nbsp;</p>
<p>[/et_pb_text][/et_pb_column][/et_pb_row][/et_pb_section]</p>

<p>Landesberufsschule für Glaser Der Glaser/die Glaserin ist ein Handwerksberuf. Die Ausbildungsdauer beträgt 3 Jahre. Der Ausbildungsberuf hat zwei Spezialisierungen in die Fachrichtung Verglasung und Glasbau und Fenster- und Glasfassadenbau. Die Ausbildungsordnung von 1985 wurde den branchenspezifischen Erfordernissen des Glaserhandwerks angepasst. Mit neuen und veränderten Ausbildungsinhalten wird den zukünftigen Gesellen/Gesellinnen, die am Qualifikationsbedarf des Gewerbes orientierte Fach- und [&hellip;]</p>
