{"id":262,"date":"2016-05-11T10:51:28","date_gmt":"2016-05-11T08:51:28","guid":{"rendered":"https:\/\/berufsschule-der-handwerkskammer-luebeck.de\/?page_id=262"},"modified":"2024-02-19T07:13:55","modified_gmt":"2024-02-19T06:13:55","slug":"berufsbild-bootsbauerin","status":"publish","type":"page","link":"https:\/\/berufsschule-der-handwerkskammer-luebeck.de\/index.php\/berufsbild-bootsbauerin\/","title":{"rendered":"Berufsbild Bootsbauer\/in"},"content":{"rendered":"<p>[et_pb_section fb_built=&#8220;1&#8243; admin_label=&#8220;section&#8220; _builder_version=&#8220;4.16&#8243; global_colors_info=&#8220;{}&#8220;][et_pb_row admin_label=&#8220;row&#8220; _builder_version=&#8220;4.16&#8243; background_size=&#8220;initial&#8220; background_position=&#8220;top_left&#8220; background_repeat=&#8220;repeat&#8220; global_colors_info=&#8220;{}&#8220;][et_pb_column type=&#8220;4_4&#8243; _builder_version=&#8220;4.16&#8243; custom_padding=&#8220;|||&#8220; global_colors_info=&#8220;{}&#8220; custom_padding__hover=&#8220;|||&#8220;][et_pb_text admin_label=&#8220;Text&#8220; _builder_version=&#8220;4.24.0&#8243; background_size=&#8220;initial&#8220; background_position=&#8220;top_left&#8220; background_repeat=&#8220;repeat&#8220; hover_enabled=&#8220;0&#8243; use_border_color=&#8220;off&#8220; border_color=&#8220;#ffffff&#8220; border_style=&#8220;solid&#8220; global_colors_info=&#8220;{}&#8220; sticky_enabled=&#8220;0&#8243;]<\/p>\n<p><strong>Bootsbauer\u00a0\u00a0\u00a0 ein spannender und vielseitiger Beruf<\/strong><\/p>\n<p>Wenn du gerne mit Holz, Metall oder Kunststoff arbeitest, dich f\u00fcr Technik interessierst und Spa\u00df am Wasser hast, k\u00f6nnte der Beruf des Bootsbauers f\u00fcr dich genau das Richtige sein. <strong>Als Bootsbauer wirst du dich nach 2 Jahren Ausbildung in einer von zwei Fachrichtungen spezialisieren<\/strong>: Neu-, Aus- und Umbau oder Technik. In beiden F\u00e4llen bist du f\u00fcr die Herstellung, Wartung und Reparatur von verschiedenen Arten von Booten zust\u00e4ndig, die sowohl f\u00fcr den Freizeit- als auch f\u00fcr den Berufsverkehr auf Fl\u00fcssen, Seen oder dem Meer genutzt werden.<\/p>\n<p><strong>Neu-, Aus- und Umbau<\/strong><\/p>\n<p>In dieser Fachrichtung lernst du, wie du Bauteile wie Rumpf, Deck, Masten, &#8230; aus verschiedenen Materialien wie Holz, Stahl, Aluminium oder faserverst\u00e4rkten Kunststoffen baust. Du arbeitest nach Zeichnungen oder Modellen und verwendest dabei verschiedene Werkzeuge und Maschinen. Du baust z.B. neue Boote, baust sie um oder aus oder reparierst sie.<\/p>\n<p><strong>Technik<\/strong><\/p>\n<p>In dieser Fachrichtung lernst du, wie du Boote mit technischen Einrichtungen ausstattest. Dazu geh\u00f6ren zum Beispiel Bordelektrik, Bordelektronik, Generatoren, Motoren oder Versorgungssysteme. Du installierst diese Komponenten fachgerecht und sorgst daf\u00fcr, dass sie einwandfrei funktionieren. Du wartest auch die Anlagen und behebst eventuelle St\u00f6rungen. Du arbeitest dabei mit Pl\u00e4nen, Herstellerangaben und Vorgaben von Konstrukteuren und Eignern. Du kannst zum Beispiel Sport-, Motor-, Fischereiboote, Segeljachten, Boote der Wasserschutzpolizei, Rettungsboote oder Marinefahrzeuge technisch ausr\u00fcsten.<\/p>\n<p><strong>Besch\u00e4ftigungsm\u00f6glichkeiten<\/strong><\/p>\n<p>Als Bootsbauer hast du je nach Fachrichtung verschiedene Besch\u00e4ftigungsm\u00f6glichkeiten. Du kannst in handwerklichen Bootsbau- und Reparaturwerkst\u00e4tten arbeiten, auf Bootswerften, in Zulieferbetrieben f\u00fcr Bootsteile aus Kunststoff oder Holz oder in Yachth\u00e4fen. Du kannst auch in Zulieferbetrieben arbeiten, die technische Bauteile und Einrichtungen f\u00fcr den Bootsbau herstellen.<\/p>\n<p><strong>Bewerberprofil<\/strong><\/p>\n<p>Um als Bootsbauer erfolgreich zu sein, solltest du Interesse an abwechslungsreichen handwerklichen Arbeiten haben. Dazu geh\u00f6ren:<\/p>\n<p><strong>&#8211; Mathematik, Physik, Technik<\/strong>: Diese F\u00e4cher sind wichtig f\u00fcr das Verst\u00e4ndnis von Konstruktionen, Materialien und technischen Zusammenh\u00e4ngen.<\/p>\n<p><strong>&#8211; Auge-Hand-Koordination<\/strong>: Diese F\u00e4higkeit ist n\u00f6tig f\u00fcr das pr\u00e4zise Arbeiten mit Werkzeugen und Maschinen.<\/p>\n<p><strong>&#8211; Figural-r\u00e4umliches Denken<\/strong>: Diese F\u00e4higkeit ist n\u00f6tig f\u00fcr das Vorstellen von dreidimensionalen Objekten und deren Umsetzung in die Realit\u00e4t.<\/p>\n<p><strong>&#8211; Technisches Verst\u00e4ndnis<\/strong>: Dieses Verst\u00e4ndnis ist n\u00f6tig f\u00fcr das Erkennen von technischen Problemen und deren L\u00f6sung.<\/p>\n<p><strong>&#8211; Handwerkliches Geschick<\/strong>: Dieses Geschick ist n\u00f6tig f\u00fcr den geschickten Umgang mit verschiedenen Materialien und deren Verarbeitung.<\/p>\n<p><strong>&#8211; Zeichnerische F\u00e4higkeiten<\/strong>: Diese F\u00e4higkeiten sind n\u00f6tig f\u00fcr das Anfertigen von Skizzen und Pl\u00e4nen.<\/p>\n<p>&#8211; <strong>Sorgfalt<\/strong>: Diese Eigenschaft ist n\u00f6tig f\u00fcr das genaue Arbeiten nach Vorgaben und Qualit\u00e4tsstandards.<\/p>\n<p><strong>&#8211; Verantwortungsbewusstsein<\/strong>: Diese Eigenschaft ist n\u00f6tig f\u00fcr das Einhalten von Sicherheitsvorschriften und Umweltschutzma\u00dfnahmen.<\/p>\n<p><strong>&#8211; Selbstst\u00e4ndiges Arbeiten<\/strong>: Diese F\u00e4higkeit ist n\u00f6tig f\u00fcr das eigenverantwortliche Planen und Durchf\u00fchren von Aufgaben.<\/p>\n<p><strong>&#8211; Flexibilit\u00e4t<\/strong>: Diese Eigenschaft ist n\u00f6tig f\u00fcr das Anpassen an unterschiedliche Arbeitsbedingungen und Kundenw\u00fcnsche.<\/p>\n<p><strong>&#8211; Kunden- und Serviceorientierung<\/strong>: Diese Eigenschaft ist n\u00f6tig f\u00fcr das freundliche und kompetente Beraten und Betreuen von Kunden.<\/p>\n<p><strong>Schulabschluss der Ausbildungsanf\u00e4nger<\/strong><\/p>\n<p>Um eine Ausbildung zum Bootsbauer zu beginnen, brauchst du in der Regel einen Hauptschulabschluss. Die meisten Ausbildungsanf\u00e4nger haben jedoch einen mittleren Bildungsabschluss oder einen h\u00f6heren Abschluss.<\/p>\n<p><strong>Ausbildungsart und -dauer<\/strong><\/p>\n<p>Die Ausbildung zum Bootsbauer ist eine duale Ausbildung im Handwerk. Das bedeutet, dass du sowohl in einem Betrieb als auch in unserer Berufsschule lernst. Die Ausbildung ist durch eine Ausbildungsverordnung geregelt und <strong>dauert 3,5 Jahre<\/strong>. Nach der erfolgreichen Abschlusspr\u00fcfung erh\u00e4ltst du den Gesellenbrief als Bootsbauer. Damit kannst du dich weiterqualifizieren, zum Beispiel als Meister, Techniker oder Ingenieur.<\/p>\n<p>Bei alledem soll nicht vergessen werden, dass auch im Zubeh\u00f6rhandel, bei Versicherern, Bootsh\u00e4ndlern und auch bei uns an der Berufsschule f\u00e4hige Bootsbauer gebraucht werden.<\/p>\n<p>Wenn du dich f\u00fcr den Beruf des Bootsbauers interessierst, findest Du hier weitere Informationen:<\/p>\n<ul>\n<li><a href=\"https:\/\/www.br.de\/fernsehen\/ard-alpha\/sendungen\/ich-machs\/im-bootsbauer100.html\">ARD Bildungskanal<\/a><\/li>\n<li><a href=\"https:\/\/web.arbeitsagentur.de\/berufenet\/beruf\/steckbrief\/90474\">Bundesagentur f\u00fcr Arbeit<\/a> (Fachrichtung Neu-, Aus- und Umbau)<\/li>\n<li><a href=\"https:\/\/web.arbeitsagentur.de\/berufenet\/beruf\/90469\">Bundesagentur f\u00fcr Arbeit<\/a> (Fachrichtung Technik)<\/li>\n<\/ul>\n<p>&nbsp;<\/p>\n<p>informiere dich \u00fcber die aktuellen Ausbildungspl\u00e4tze, z.B.<\/p>\n<ul>\n<li><a href=\"https:\/\/www.landesinnung-bootsbau-sh.de\/jobs--amp--lehrstellen\/lehrstellen\/\">auf der Seite der Landesinnung Bootsbau Schleswig-Holstein<\/a><\/li>\n<li><a href=\"https:\/\/dbsv.de\/AUSBILDUNG-105\">auf der Seite des Deutschen Boots- und Schiffbauer-Verbandes<\/a><\/li>\n<li>und auf weiteren Seiten der Landesinnungen in Deutschland.<\/li>\n<\/ul>\n<p>Wir w\u00fcnschen dir viel Erfolg bei deiner Bewerbung!<\/p>\n<p>[\/et_pb_text][\/et_pb_column][\/et_pb_row][\/et_pb_section]<\/p>\n","protected":false},"excerpt":{"rendered":"<p>Bootsbauer\u00a0\u00a0\u00a0 ein spannender und vielseitiger Beruf Wenn du gerne mit Holz, Metall oder Kunststoff arbeitest, dich f\u00fcr Technik interessierst und Spa\u00df am Wasser hast, k\u00f6nnte der Beruf des Bootsbauers f\u00fcr dich genau das Richtige sein. Als Bootsbauer wirst du dich nach 2 Jahren Ausbildung in einer von zwei Fachrichtungen spezialisieren: Neu-, Aus- und Umbau oder [&hellip;]<\/p>\n","protected":false},"author":1,"featured_media":0,"parent":0,"menu_order":0,"comment_status":"closed","ping_status":"closed","template":"","meta":{"_et_pb_use_builder":"on","_et_pb_old_content":"<p>[et_pb_section admin_label=\"section\"][et_pb_row admin_label=\"row\"][et_pb_column type=\"4_4\"][et_pb_text admin_label=\"Text\" \/][\/et_pb_column][\/et_pb_row][\/et_pb_section]<\/p>","_et_gb_content_width":"","footnotes":""},"class_list":["post-262","page","type-page","status-publish","hentry"],"_links":{"self":[{"href":"https:\/\/berufsschule-der-handwerkskammer-luebeck.de\/index.php\/wp-json\/wp\/v2\/pages\/262","targetHints":{"allow":["GET"]}}],"collection":[{"href":"https:\/\/berufsschule-der-handwerkskammer-luebeck.de\/index.php\/wp-json\/wp\/v2\/pages"}],"about":[{"href":"https:\/\/berufsschule-der-handwerkskammer-luebeck.de\/index.php\/wp-json\/wp\/v2\/types\/page"}],"author":[{"embeddable":true,"href":"https:\/\/berufsschule-der-handwerkskammer-luebeck.de\/index.php\/wp-json\/wp\/v2\/users\/1"}],"replies":[{"embeddable":true,"href":"https:\/\/berufsschule-der-handwerkskammer-luebeck.de\/index.php\/wp-json\/wp\/v2\/comments?post=262"}],"version-history":[{"count":0,"href":"https:\/\/berufsschule-der-handwerkskammer-luebeck.de\/index.php\/wp-json\/wp\/v2\/pages\/262\/revisions"}],"wp:attachment":[{"href":"https:\/\/berufsschule-der-handwerkskammer-luebeck.de\/index.php\/wp-json\/wp\/v2\/media?parent=262"}],"curies":[{"name":"wp","href":"https:\/\/api.w.org\/{rel}","templated":true}]}}